is the highest common divisor of 299 and 3197?
23
Calculate the highest common factor of 198 and 4257.
99
What is the greatest common divisor of 11 and 99?
11
What is the highest common factor of 44 and 143?
11
Calculate the highest common factor of 28 and 28.
28
Calculate the highest common divisor of 46886 and 238.
238
Calculate the greatest common divisor of 10658 and 146.
146
What is the greatest common divisor of 726 and 132?
66
Calculate the greatest common factor of 148 and 185.
37
Calculate the highest common divisor of 1725 and 75.
75
Calculate the greatest common factor of 7663 and 97.
97
What is the highest common divisor of 16512 and 1204?
172
Calculate the greatest common divisor of 2747 and 369.
41
Calculate the greatest common divisor of 24 and 2104.
8
Calculate the greatest common factor of 8080 and 80.
80
What is the highest common factor of 135 and 1665?
45
What is the highest common factor of 902 and 22?
22
What is the highest common divisor of 16 and 3152?
16
Calculate the greatest common factor of 260 and 650.
130
What is the highest common factor of 9493 and 55?
11
Calculate the highest common divisor of 122 and 26.
2
What is the greatest common factor of 12 and 1212?
12
What is the greatest common factor of 8 and 4560?
8
What is the highest common factor of 144 and 4068?
36
Calculate the greatest common factor of 1716 and 624.
156
What is the greatest common factor of 8 and 74992?
8
What is the highest common factor of 1136 and 48?
16
Calculate the highest common divisor of 22 and 31.
1
What is the highest common factor of 80 and 250?
10
What is the highest common divisor of 1 and 8?
1
Calculate the highest common factor of 8 and 56.
8
Calculate the greatest common divisor of 138 and 736.
46
What is the greatest common divisor of 30 and 42?
6
Calculate the highest common divisor of 92 and 1.
1
Calculate the highest common divisor of 754 and 585.
13
Calculate the highest common factor of 4032 and 63.
63
What is the highest common factor of 9 and 3798?
9
Calculate the greatest common divisor of 238 and 28.
14
Calculate the greatest common factor of 18 and 438.
6
What is the highest common factor of 19 and 95?
19
What is the highest common divisor of 74 and 185?
37
What is the highest common factor of 3 and 69?
3
Calculate the highest common factor of 42 and 70.
14
Calculate the highest common factor of 19220 and 20.
20
Calculate the highest common divisor of 343 and 21.
7
Calculate the greatest common factor of 2 and 1260.
2
What is the highest common factor of 475 and 25?
25
What is the highest common divisor of 12 and 102?
6
What is the greatest common divisor of 64 and 832?
64
Calculate the highest common divisor of 50 and 10.
10
Calculate the greatest common factor of 2340 and 180.
180
Calculate the highest common factor of 124 and 837.
31
What is the greatest common factor of 1919 and 76?
19
What is the highest common factor of 17 and 1513?
17
What is the greatest common divisor of 486 and 378?
54
What is the highest common factor of 40 and 490?
10
What is the highest common divisor of 76 and 12768?
76
Calculate the highest common factor of 651 and 21.
21
Calculate the highest common factor of 162 and 567.
81
What is the highest common divisor of 1586 and 416?
26
What is the greatest common divisor of 58 and 4?
2
Calculate the greatest common factor of 8 and 11224.
8
Calculate the greatest common divisor of 21 and 1323.
21
What is the highest common divisor of 38 and 61826?
38
What is the greatest common divisor of 28 and 63?
7
What is the highest common factor of 276 and 48?
12
Calculate the highest common factor of 20 and 44.
4
Calculate the greatest common factor of 11 and 1441.
11
What is the greatest common factor of 5846 and 222?
74
Calculate the greatest common factor of 952 and 5320.
56
Calculate the highest common divisor of 60 and 480.
60
What is the highest common factor of 48 and 12?
12
What is the greatest common divisor of 6 and 3558?
6
Calculate the greatest common divisor of 111 and 592.
37
What is the highest common divisor of 1472 and 400?
16
What is the greatest common divisor of 1 and 157?
1
Calculate the greatest common divisor of 1952 and 96.
32
What is the highest common factor of 141 and 517?
47
What is the greatest common divisor of 210 and 84?
42
Calculate the highest common divisor of 60 and 200.
20
Calculate the greatest common divisor of 7 and 1148.
7
Calculate the highest common factor of 39 and 21.
3
Calculate the greatest common divisor of 65861 and 67.
67
What is the greatest common factor of 1207 and 68?
17
What is the greatest common factor of 1166 and 318?
106
Calculate the highest common divisor of 10670 and 194.
194
What is the highest common divisor of 588 and 84?
84
What is the greatest common divisor of 1426 and 368?
46
Calculate the greatest common factor of 742 and 28.
14
Calculate the greatest common divisor of 26 and 8.
2
What is the highest common divisor of 325 and 50?
25
Calculate the highest common divisor of 225 and 90.
45
What is the greatest common factor of 1 and 2320?
1
Calculate the greatest common factor of 799 and 376.
47
Calculate the greatest common factor of 1796 and 2.
2
Calculate the highest common divisor of 16 and 163.
1
Calculate the highest common factor of 10292 and 155.
31
Calculate the highest common divisor of 66 and 42.
6
What is the highest common factor of 19 and 11609?
19
What is the highest common divisor of 620 and 20?
20
Calculate the highest common factor of 100 and 260.
20
What is the greatest common factor of 18 and 2196?
18
What is the highest common factor of 22 and 5940?
22
What is the highest common divisor of 247 and 520?
13
Calculate the greatest common divisor of 2367 and 9.
9
Calculate the highest common factor of 164 and 1066.
82
Calculate the greatest common divisor of 8 and 200.
8
What is the greatest common divisor of 481 and 1961?
37
Calculate the greatest common factor of 405 and 1755.
135
Calculate the greatest common divisor of 5 and 245.
5
What is the greatest common factor of 175 and 14350?
175
Calculate the highest common divisor of 370 and 1820.
10
Calculate the greatest common factor of 28 and 77.
7
What is the highest common divisor of 23 and 19458?
23
Calculate the highest common factor of 18 and 72.
18
What is the greatest common divisor of 108 and 14202?
54
What is the highest common factor of 1391 and 214?
107
Calculate the highest common factor of 18 and 243.
9
What is the highest common divisor of 2222 and 2323?
101
What is the highest common divisor of 1883 and 21?
7
Calculate the highest common factor of 32 and 736.
32
Calculate the greatest common factor of 170 and 50.
10
Calculate the highest common divisor of 28 and 1148.
28
Calculate the highest common factor of 156 and 96252.
156
Calculate the greatest common divisor of 445 and 5.
5
What is the highest common factor of 1 and 114?
1
What is the highest common factor of 88 and 1507?
11
Calculate the highest common factor of 1278 and 18.
18
What is the highest common factor of 684 and 2232?
36
Calculate the greatest common divisor of 1085 and 15.
5
What is the highest common factor of 485 and 2037?
97
What is the highest common factor of 255 and 10659?
51
What is the greatest common factor of 46 and 2047?
23
What is the greatest common factor of 840 and 1995?
105
What is the greatest common divisor of 105 and 1015?
35
Calculate the greatest common divisor of 187 and 715.
11
What is the greatest common divisor of 17 and 7?
1
What is the greatest common divisor of 38 and 418?
38
What is the greatest common factor of 345 and 360?
15
What is the greatest common factor of 105 and 231?
21
What is the highest common factor of 75 and 6075?
75
What is the highest common factor of 4 and 484?
4
Calculate the greatest common factor of 825 and 33.
33
What is the greatest common factor of 63 and 45?
9
Calculate the highest common divisor of 282 and 2679.
141
What is the highest common divisor of 1 and 208?
1
Calculate the greatest common divisor of 213 and 9656.
71
What is the greatest common factor of 64 and 224?
32
What is the highest common factor of 120 and 264?
24
Calculate the greatest common divisor of 72 and 1032.
24
What is the highest common divisor of 297 